{"id":356,"date":"2024-03-15T13:01:55","date_gmt":"2024-03-15T12:01:55","guid":{"rendered":"http:\/\/store.newtecmali.com\/?post_type=product&#038;p=356"},"modified":"2024-03-18T14:02:17","modified_gmt":"2024-03-18T13:02:17","slug":"lhg-r-antenne-lte-21dbi-a-gain-eleve-pour-zones-tres-reculees-sans-modem-lte","status":"publish","type":"product","link":"http:\/\/store.newtecmali.com\/?product=lhg-r-antenne-lte-21dbi-a-gain-eleve-pour-zones-tres-reculees-sans-modem-lte","title":{"rendered":"LHG R Antenne LTE 21dBI \u00e0 gain \u00e9lev\u00e9 pour zones tr\u00e8s recul\u00e9es, SANS modem LTE"},"content":{"rendered":"<p><span class=\"productMainTitle\">LHG R<\/span><span class=\"productMainDescr\">Antenne LTE 21dBI \u00e0 gain \u00e9lev\u00e9 pour zones tr\u00e8s recul\u00e9es, SANS modem LTE<\/span><\/p>\n","protected":false},"excerpt":{"rendered":"<h2>Caract\u00e9ristiques<\/h2>\n<table class=\"table product-table\">\n<thead>\n<tr>\n<th colspan=\"2\">D\u00e9tails<\/th>\n<\/tr>\n<\/thead>\n<tbody>\n<tr>\n<td>Code produit<\/td>\n<td>RBLHGR<\/td>\n<\/tr>\n<tr>\n<td>Architecture<\/td>\n<td>MIPSBE<\/td>\n<\/tr>\n<tr>\n<td>CPU<\/td>\n<td>QCA9531<\/td>\n<\/tr>\n<tr>\n<td>Nombre de c\u0153urs de processeur<\/td>\n<td>1<\/td>\n<\/tr>\n<tr>\n<td>Fr\u00e9quence nominale du processeur<\/td>\n<td>650 MHz<\/td>\n<\/tr>\n<tr>\n<td>Licence RouterOS<\/td>\n<td>3<\/td>\n<\/tr>\n<tr>\n<td>Syst\u00e8me op\u00e9rateur<\/td>\n<td><a href=\"https:\/\/help.mikrotik.com\/docs\/display\/ROS\/RouterOS\" target=\"_blank\" rel=\"noopener\">RouteurOS<\/a><\/td>\n<\/tr>\n<tr>\n<td>Taille de la RAM<\/td>\n<td>64 Mo<\/td>\n<\/tr>\n<tr>\n<td>Taille de stockage<\/td>\n<td>16 Mo<\/td>\n<\/tr>\n<tr>\n<td>Type de stockage<\/td>\n<td>\u00c9CLAIR<\/td>\n<\/tr>\n<tr>\n<td>MTBF<\/td>\n<td>Environ 200 000 heures \u00e0 25\u00b0C<\/td>\n<\/tr>\n<tr>\n<td>Temp\u00e9rature ambiante test\u00e9e<\/td>\n<td>-40\u00b0C \u00e0 60\u00b0C<\/td>\n<\/tr>\n<\/tbody>\n<\/table>\n<h2>Alimentation<\/h2>\n<table class=\"table product-table\">\n<thead>\n<tr>\n<th colspan=\"2\">D\u00e9tails<\/th>\n<\/tr>\n<\/thead>\n<tbody>\n<tr>\n<td>Nombre d&rsquo;entr\u00e9es CC<\/td>\n<td>1 (PoE-IN)<\/td>\n<\/tr>\n<tr>\n<td>Consommation maximale<\/td>\n<td>6 W<\/td>\n<\/tr>\n<tr>\n<td>Type de refroidissement<\/td>\n<td>Passif<\/td>\n<\/tr>\n<tr>\n<td>Entr\u00e9e PoE<\/td>\n<td>802.3af\/at<\/td>\n<\/tr>\n<tr>\n<td>PoE en tension d&rsquo;entr\u00e9e<\/td>\n<td>12-57 V<\/td>\n<\/tr>\n<\/tbody>\n<\/table>\n<div class=\"clearfix\"><\/div>\n<h2>Ethernet<\/h2>\n<table class=\"table product-table\">\n<thead>\n<tr>\n<th colspan=\"2\">D\u00e9tails<\/th>\n<\/tr>\n<\/thead>\n<tbody>\n<tr>\n<td>Ports Ethernet 10\/100<\/td>\n<td>1<\/td>\n<\/tr>\n<\/tbody>\n<\/table>\n","protected":false},"featured_media":357,"comment_status":"open","ping_status":"closed","template":"","meta":[],"product_cat":[76],"product_tag":[],"class_list":{"0":"post-356","1":"product","2":"type-product","3":"status-publish","4":"has-post-thumbnail","6":"product_cat-lte-5g_produit","8":"first","9":"instock","10":"shipping-taxable","11":"purchasable","12":"product-type-simple"},"_links":{"self":[{"href":"http:\/\/store.newtecmali.com\/index.php?rest_route=\/wp\/v2\/product\/356","targetHints":{"allow":["GET"]}}],"collection":[{"href":"http:\/\/store.newtecmali.com\/index.php?rest_route=\/wp\/v2\/product"}],"about":[{"href":"http:\/\/store.newtecmali.com\/index.php?rest_route=\/wp\/v2\/types\/product"}],"replies":[{"embeddable":true,"href":"http:\/\/store.newtecmali.com\/index.php?rest_route=%2Fwp%2Fv2%2Fcomments&post=356"}],"wp:featuredmedia":[{"embeddable":true,"href":"http:\/\/store.newtecmali.com\/index.php?rest_route=\/wp\/v2\/media\/357"}],"wp:attachment":[{"href":"http:\/\/store.newtecmali.com\/index.php?rest_route=%2Fwp%2Fv2%2Fmedia&parent=356"}],"wp:term":[{"taxonomy":"product_cat","embeddable":true,"href":"http:\/\/store.newtecmali.com\/index.php?rest_route=%2Fwp%2Fv2%2Fproduct_cat&post=356"},{"taxonomy":"product_tag","embeddable":true,"href":"http:\/\/store.newtecmali.com\/index.php?rest_route=%2Fwp%2Fv2%2Fproduct_tag&post=356"}],"curies":[{"name":"wp","href":"https:\/\/api.w.org\/{rel}","templated":true}]}}